x/8). Is (-2)/g*(-23 - 15) composite?
False
Let s(q) = q**2 + 6*q + 1. Let d be s(-5). Let z = 8 + d. Suppose 3*w = -z*n + 143, -2*n = 2*w - n - 97. Is w prime?
False
Suppose -16 = -5*f + 4. Suppose u - 635 = -f*u. Suppose -4*s + 501 = -u. Is s composite?
False
Let o(n) = -8*n - 4. Let k be o(-20). Is 151500/k + 2*(-3)/39 prime?
True
Let b = -574 + 6771. Is b a prime number?
True
Let m(o) = o**2 - 2*o + 3. Let n be m(2). Let k(r) = -r**3 + 3*r**2 + r + 2. Let f be k(n). Suppose 4*c - 1355 = f*u, 0 - 3 = u. Is c a prime number?
False
Suppose -169*p + 8510 = -159*p. Is p a composite number?
True
Let d(b) = 7133*b - 76. Is d(1) a prime number?
True
Let z = 11 - -11. Let w = z - 22. Suppose w = 2*m + 91 - 269. Is m prime?
True
Let p(i) = 7*i - 67. Let g be p(10). Suppose n + 2*n - 3577 = -4*r, -4*n + 4760 = g*r. Is n composite?
False
Suppose 25 + 23 = 12*r. Suppose -p = 4*d - 2045, r*p - 8210 = 2*d - 3*d. Is p prime?
True
Let l = 3350 + -1968. Is l composite?
True
Let n(v) = -v**3 + 69*v**2 + 236*v - 1. Is n(66) composite?
False
Let n(z) = -16*z**2 + 3*z + 3. Suppose 18 = 2*u + 2*o, 2*u + o - 12 = 2*o. Let c be n(u). Is c/12*15/(-10) a prime number?
False
Suppose -2*q + 54 = q. Suppose 5*p - 3*p - q = 0. Let c(n) = n**2 + 4*n - 11. Is c(p) prime?
False
Let q(x) = -x**2 + x + 1. Let k(u) be the first derivative of -2*u**3/3 - 2*u**2 - 10*u + 6. Let i(b) = k(b) - 3*q(b). Is i(11) a prime number?
True
Suppose -247*p + 237*p + 30470 = 0. Is p composite?
True
Let r(j) = j**3 + 9*j**2 + 6*j - 7. Let a be r(-6). Is 13/a + (-2988)/(-10) a composite number?
True
Let i(z) = 4*z + 29. Let r be i(-5). Suppose 21*o - r*o = 31236. Is o prime?
False
Let o(z) be the second derivative of z**6/120 + z**5/15 + 7*z**4/24 + z**3 - 2*z. Let s(y) be the second derivative of o(y). Is s(-6) a composite number?
False
Let l(s) = 13*s**3 - 9*s**2 - 19*s + 92. Is l(7) prime?
False
Suppose 50*y = 157788 + 5662. Is y a composite number?
True
Let y be (3 - 2) + 0 + 1421. Let s = -1013 + y. Is s a composite number?
False
Suppose 76054 = -7*y + 1406. Is y/(-6) + 3/(-9) composite?
False
Let u(p) = 46*p + 39. Is u(8) composite?
True
Suppose 0 = -2*f + 9*f - 10577. Is f a composite number?
False
Let s(c) = 216*c + 2. Let p be s(-3). Let n = p + 1745. Is n a prime number?
False
Let g be 3*(-5)/30*-4. Suppose -g*u + 8714 = -272. Is u prime?
True
Let l(v) = 22*v**2 + 12*v + 7*v**2 + 8 + 59*v**2 + 1. Is l(-5) a prime number?
False
Let u = 31187 + -20464. Is u composite?
False
Let o be 3 + (-1 - 3 - 6957). Let r = 10347 + o. Is r a prime number?
True
Let o(j) = 16*j**3 - j**2 + 1. Let f be o(1). Suppose 4*n - 6*n = -f. Suppose 65 = i - 4*r, -2*r = 3*i - n*i + 325. Is i prime?
False
Let h = 1775 - 316. Is h composite?
False
Suppose -u - 2*m + 6 = 0, 4*m - 4 + 12 = 0. Let s(x) = 396*x + 23. Is s(u) prime?
False
Suppose 0 = -3*o - f + 3*f - 19045, 4*f + 19069 = -3*o. Let i = 9628 + o. Is i a prime number?
False
Suppose -5*i + 30162 = z, 0 = -4*z - 6*i + 2*i + 120712. Is z composite?
True
Suppose -6*x = -2*x - 8. Suppose x*h + 2*p = -0*h - 710, 0 = -5*p + 15. Let t = 692 + h. Is t a composite number?
True
Suppose -22*q - 10*q + 250144 = 0. Is q a composite number?
False
Let z = 10265 - 5310. Is z a composite number?
True
Let s(h) = 12022*h**3 - 31*h + 30. Is s(1) prime?
False
Let w be 24/18*(-39)/(-2). Suppose y - 89 = w. Is y composite?
True
Let i(f) = 30*f**2 - f - 7. Let d be i(-3). Suppose -5*g + 508 + 139 = -3*w, 3*w = 2*g - d. Is g a composite number?
False
Let t(c) = c**3 - 15*c**2 - 15*c - 31. Let i be t(16). Is i*210/(-7) - 3/1 composite?
True
Let i(s) = s**3 + 9*s**2 - 6*s + 1. Let n be i(-7). Suppose v - 5*j - n = -2*j, -v + 5*j = -133. Is (-8)/(-3 - -1) + v a prime number?
True
Suppose 5 = -11*d - 28. Is 1006/(((-4)/6)/(d/9)) composite?
False
Is 2/10 + (-27538)/(-35) prime?
True
Let t be (-8)/14 + (-80)/7. Is -1370*(1 + t/8) a prime number?
False
Let q = -37 + 39. Is q/1 - -9*55 composite?
True
Suppose 517*y + 3202 = 519*y. Is y prime?
True
Let q(b) = 4*b + 52. Let n(i) = 7*i + 105. Let t(o) = 3*n(o) - 5*q(o). Let a be 0/((-2 - -7) + -3). Is t(a) composite?
True
Let i(v) = 16*v**3 - 7*v**2 - 6*v. Let r be i(-4). Let g = 51 - r. Is g prime?
True
Suppose 8 = 2*u - 0*u. Suppose s + 2*s - 630 = c, 832 = 4*s - u*c. Is s prime?
True
Let s = 10 - 7. Suppose 0 = -5*o + s*a + 2738, 4*o - 171 = -5*a + 2012. Is o a composite number?
False
Let n = -1489 + 2538. Is n composite?
False
Let v = 50 - 19. Suppose v*p - 23915 = 26*p. Is p prime?
True
Let t(i) = 2*i - 13. Let g be t(6). Let j be (-89)/(1*(g - 0)). Suppose -j = -h - 0*h. Is h a composite number?
False
Let n(z) = -15*z - 6. Let u(h) = 16 + 2*h - 8 + 3. Let s be u(-10). Is n(s) a prime number?
False
Suppose -4*z + 7 + 9 = -3*x, -2*x = -z + 4. Suppose x = 2*k - 391 + 1. Suppose 0 = 10*p - 7*p - k. Is p a prime number?
False
Let a(h) = 175*h + 188*h + 11 + 2*h**3 - 379*h + 2*h**2. Is a(6) a prime number?
True
Let g(k) = 17*k - 7. Suppose 4*j = 41 + 67. Suppose 0 = 3*n + 9, 5*i + 6 = -3*n + j. Is g(i) a composite number?
True
Let c be (0 - 2)*(0 - -1). Let z be c/(-6)*(702 - -3). Suppose 0*r + 1175 = 5*a + 2*r, -a + 4*r + z = 0. Is a composite?
True
Let l(z) be the third derivative of -31*z**4/24 - 35*z**3/6 + 6*z**2. Is l(-12) composite?
False
Let w(n) = 2047*n**2 + 3*n + 3. Is w(2) a composite number?
True
Let q(a) = a**2 - 2*a - 2. Let z be q(-2). Suppose 4*l - 12 = z*l. Is 44/l*6/(-4) a prime number?
True
Let i(a) = 3939*a**2 + 22*a + 22. Is i(5) composite?
True
Suppose -3*m + s = -2*m + 1, -3*m = 3*s - 15. Suppose 6*o = -5*n + 4*o + 20551, -m*n + 8215 = -o. Is n a composite number?
True
Let k(w) be the second derivative of w**5/12 - 5*w**3/3 - 3*w**2/2 + 6*w. Let g(d) be the first derivative of k(d). Is g(-5) a composite number?
True
Let v(o) = 39*o**2 - 10*o + 21. Suppose 54 = 6*c + 6. Is v(c) prime?
True
Let v(n) = 2237*n**2 + 6*n - 15. Is v(-2) prime?
False
Let i(y) = -145*y + 17. Let l be i(7). Let o = l + 1791. Is o prime?
False
Let x(t) = 54*t - 41. Is x(3) a prime number?
False
Let b(g) = -5*g**2 - 12*g - 13. Let j be b(-17). Let p = j - -1867. Is p composite?
False
Suppose 23*w + 8701 = 30*w. Is w a composite number?
True
Let u be (-50)/10*(-4)/5. Suppose -2*d + 4*d = -5*l + 1975, u*d + 1185 = 3*l. Is l a composite number?
True
Let y be ((-6)/12)/((-3)/(-24)). Is (y + 207*-1)/(-1) a composite number?
False
Let v = 6359 - -162. Is v prime?
True
Let h(w) = -w**3 - 39*w**2 + 62*w - 79. Is h(-42) a prime number?
True
Is (4548/8)/((-3)/(-2)) prime?
True
Let r(g) = 4846*g**2 - 3*g - 5. Is r(2) prime?
True
Suppose -p + 14 = 10. Is 3032/4*2/p prime?
True
Suppose x + 18*k - 23*k - 15969 = 0, -k + 47875 = 3*x. Is x prime?
True
Let y(c) = -733*c + 261. Is y(-10) composite?
False
Let c(m) be the first derivative of 50*m**3/3 + 7*m**2/2 - 4*m - 4. Let k be c(7). Is k/10 + 1/(-2) a prime number?
False
Let s = -199 + 202. Suppose 4*t = -0*t + 16. Suppose -t*i - 310 = -2*f, 0*i + s*i = -4*f + 587. Is f a prime number?
True
Let v(t) be the first derivative of -t**3 - 3*t**2 - 12*t + 2. Let p be v(-8). Let o = p + 359. Is o a composite number?
True
Let b = -139 - -136. Is ((-16)/b)/8 + (-6902)/(-6) prime?
True
Let u be (-12)/(-28) - 75/(-21). Suppose -3*t + 423 = 2*j, -541 = -u*t - j + 6*j. Is t a prime number?
True
Suppose -2*u = 221 - 75. Let b = 147 + u. Suppose 137 = k + 5*l, -2*k = -5*l - b - 170. Is k prime?
True
Let x(d) = -50*d**3 - 1. Let m be x(-1). Let o = m + 80. Is o prime?
False
Suppose -5*s - 1324 = -6869. Let d = s - -327. Suppose 3809 = 5*l - d. Is l composite?
False
Let w(i) = i**3 + 5*i**2 - 3*i + 8. Let n be w(-6). Let p be n/5 - 0/(-3). Is (-3 + 1455/(-6))*p a prime number?
True
Let f = -6795 - -12776. Is f composite?
False
Suppose 0*b + 2*d = 2*b - 24, 0 = b + d - 8. Suppose b*o = o + 639. Is o prime?
True
Let c(u) = 13*u**2 + 34*u + 46. Let k(x) = 19*x**2 + 51*x + 69. Let d(g) = -7*c(g) + 5*k(g). Is d(-10) prime?
False
Suppose -4*b - 4*t + 4927 + 525 = 0, 0 = -b + 3*t + 1355. Is b composite?
False
Is 12960 + (50 + 6)/(-8) composite?
False
Let l(w) be the first derivative of -9*w**2 + 53*w + 4. Is l(-6) a prime number?
False
Let w be (2 + -7 + -1)*(-2)/6. Suppose 5*d = w*v - 3443, -d + 1226 = 4*v - 5605. Is v a prime 